e units digit of 151434?
4
What is the hundreds digit of 587?
5
What is the hundreds digit of 990?
9
What is the thousands digit of 1225?
1
What is the hundreds digit of 529?
5
What is the thousands digit of 2666?
2
What is the units digit of 420?
0
What is the hundreds digit of 136581?
5
What is the units digit of 59?
9
What is the hundreds digit of 25138?
1
What is the ten thousands digit of 19934?
1
What is the tens digit of 1283?
8
What is the tens digit of 967?
6
What is the units digit of 5389?
9
What is the hundreds digit of 915?
9
What is the ten thousands digit of 49656?
4
What is the units digit of 12825?
5
What is the ten thousands digit of 81475?
8
What is the tens digit of 1516?
1
What is the units digit of 7686?
6
What is the thousands digit of 27228?
7
What is the thousands digit of 4802?
4
What is the hundreds digit of 844?
8
What is the tens digit of 58069?
6
What is the hundreds digit of 905?
9
What is the tens digit of 649?
4
What is the tens digit of 49863?
6
What is the thousands digit of 2614?
2
What is the hundreds digit of 499?
4
What is the hundreds digit of 373?
3
What is the hundreds digit of 1279?
2
What is the hundreds digit of 1116?
1
What is the hundreds digit of 40191?
1
What is the units digit of 6705?
5
What is the hundreds digit of 420?
4
What is the tens digit of 2872?
7
What is the hundreds digit of 10721?
7
What is the thousands digit of 1577?
1
What is the tens digit of 734?
3
What is the hundreds digit of 53386?
3
What is the thousands digit of 1807?
1
What is the thousands digit of 13952?
3
What is the tens digit of 5532?
3
What is the units digit of 21906?
6
What is the thousands digit of 7199?
7
What is the tens digit of 122846?
4
What is the hundreds digit of 4352?
3
What is the units digit of 51698?
8
What is the thousands digit of 78144?
8
What is the thousands digit of 4020?
4
What is the units digit of 1047?
7
What is the tens digit of 58241?
4
What is the tens digit of 1825?
2
What is the hundreds digit of 37243?
2
What is the units digit of 8586?
6
What is the hundreds digit of 3228?
2
What is the units digit of 2403?
3
What is the tens digit of 10?
1
What is the thousands digit of 4041?
4
What is the thousands digit of 5285?
5
What is the hundreds digit of 8691?
6
What is the tens digit of 5287?
8
What is the units digit of 5546?
6
What is the thousands digit of 1431?
1
What is the units digit of 2777?
7
What is the units digit of 45346?
6
What is the units digit of 8699?
9
What is the tens digit of 171?
7
What is the thousands digit of 3298?
3
What is the thousands digit of 77182?
7
What is the hundreds digit of 115596?
5
What is the units digit of 93088?
8
What is the tens digit of 124292?
9
What is the hundreds digit of 5206?
2
What is the thousands digit of 1366?
1
What is the hundreds digit of 4509?
5
What is the hundreds digit of 1266?
2
What is the hundreds digit of 27392?
3
What is the units digit of 644?
4
What is the units digit of 167?
7
What is the hundreds digit of 1169?
1
What is the hundreds digit of 92530?
5
What is the tens digit of 7814?
1
What is the tens digit of 228?
2
What is the tens digit of 7693?
9
What is the hundreds digit of 43007?
0
What is the tens digit of 5401?
0
What is the tens digit of 1708?
0
What is the units digit of 163?
3
What is the hundreds digit of 10657?
6
What is the tens digit of 6353?
5
What is the units digit of 1328?
8
What is the tens digit of 76125?
2
What is the hundreds digit of 119237?
2
What is the thousands digit of 2628?
2
What is the tens digit of 821?
2
What is the units digit of 1513?
3
What is the thousands digit of 47639?
7
What is the tens digit of 2300?
0
What is the tens digit of 1181?
8
What is the hundreds digit of 6690?
6
What is the ten thousands digit of 27861?
2
What is the units digit of 198?
8
What is the units digit of 1914?
4
What is the thousands digit of 70851?
0
What is the hundreds digit of 2742?
7
What is the thousands digit of 1348?
1
What is the hundreds digit of 2536?
5
What is the tens digit of 37912?
1
What is the hundreds digit of 6463?
4
What is the tens digit of 431?
3
What is the hundreds digit of 796?
7
What is the tens digit of 58246?
4
What is the hundreds digit of 20637?
6
What is the hundreds digit of 877?
8
What is the units digit of 12410?
0
What is the tens digit of 74884?
8
What is the units digit of 8348?
8
What is the units digit of 49263?
3
What is the tens digit of 2530?
3
What is the tens digit of 1661?
6
What is the tens digit of 26?
2
What is the units digit of 29888?
8
What is the thousands digit of 2722?
2
What is the thousands digit of 11112?
1
What is the units digit of 13933?
3
What is the hundreds digit of 139?
1
What is the tens digit of 714?
1
What is the ten thousands digit of 21119?
2
What is the hundreds digit of 1095?
0
What is the hundreds digit of 519?
5
What is the hundreds digit of 13686?
6
What is the ten thousands digit of 46401?
4
What is the thousands digit of 6738?
6
What is the tens digit of 48676?
7
What is the thousands digit of 2024?
2
What is the hundred thousands digit of 119803?
1
What is the tens digit of 49108?
0
What is the tens digit of 87?
8
What is the thousands digit of 29067?
9
What is the hundreds digit of 5158?
1
What is the thousands digit of 1099?
1
What is the tens digit of 28563?
6
What is the hundreds digit of 21819?
8
What is the units digit of 14212?
2
What is the tens digit of 3829?
2
What is the units digit of 8898?
8
What is the units digit of 2163?
3
What is the tens digit of 3832?
3
What is the thousands digit of 19213?
9
What is the tens digit of 13150?
5
What is the thousands digit of 4920?
4
What is the hundreds digit of 559?
5
What is the hundreds digit of 781?
7
What is the hundreds digit of 2769?
7
What is the units digit of 3624?
4
What is the units digit of 16960?
0
What is the thousands digit of 2190?
2
What is the units digit of 11706?
6
What is the units digit of 34830?
0
What is the units digit of 343?
3
What is the ten thousands digit of 12878?
1
What is the units digit of 52271?
1
What is the thousands digit of 5546?
5
What is the thousands digit of 58505?
8
What is the tens digit of 1372?
7
What is the units digit of 61?
1
What is the hundreds digit of 634?
6
What is the tens digit of 1043?
4
What is the hundreds digit of 150993?
9
What is the tens digit of 151997?
9
What is the hundreds digit of 7469?
4
What is the tens digit of 552?
5
What is the ten thousands digit of 13651?
1
What is the thousands digit of 10814?
0
What is the hundreds digit of 7620?
6
What is the hundreds digit of 41010?
0
What is the thousands digit of 3027?
3
What is the hundreds digit of 422?
4
What is the units digit of 1110?
0
What is the units digit of 664?
4
What is the tens digit of 10877?
7
What is the units digit of 1017?
7
What is the units digit of 746?
6
What is the units digit of 1912?
2
What is the ten thousands digit of 28198?
2
What is the hundreds digit of 2196?
1
What is the hundreds digit of 569?
5
What is the units digit of 4882?
2
What is the hundreds digit of 99465?
4
What is the thousands digit of 135084?
5
What is the hundreds digit of 47244?
2
What is the hundreds digit of 4072?
0
What is the tens digit of 27352?
5
What is the units digit of 970?
0
What is the tens digit of 584?
8
What is the hundred thousands digit of 135187?
1
What is the units digit of 544?
4
What is the hundreds digit of 1314?
3
What is the hundreds digit of 909?
9
What is the thousands digit of 17295?
7
What is the hundreds digit of 239?
2
What is the units digit of 10072?
2
What is the units digit of 12359?
9
What is the hundreds digit of 121?
1
What is the hundreds digit of 1102?
1
What is the units digit of 1574?
4
What is the units digit of 8603?
3
What is the hundreds digit of 1008?
0
What is the tens digit of 5289?
8
What is the tens digit of 7484?
8
What is the hundreds digit of 1790?
7
What is the units digit of 922?
2
What is the hundreds digit of 593?
5
What is the hundreds digit of 16250?
2
What is the tens digit of 832?
3
What is the units digit of 46651?
1
What is the tens digit of 2365?
6
What is the tens digit of 414?
1
What is the hundred thousands digit of 159732?
1
What is the hundreds digit of 122?
1
What is the tens digit of 5628?
2
